. Calculate the remainder when v(b) is divided by o.
5
Let r = 3 + 1. Suppose 3*w - 7*w + 20 = 0. Let y = w + r. Calculate the remainder when 17 is divided by y.
8
Suppose -5*w = -10*w + 15. Let j = 24 - w. What is the remainder when j is divided by 11?
10
Suppose 5*s + 3*z - 50 = 95, -3*s + 87 = 3*z. Let p(j) = -j**3 + 13*j**2 + 17*j - 344. What is the remainder when p(11) is divided by s?
27
Let q(g) = g**3 - 5*g**2 + 3*g - 8. Let z be q(5). Let f(i) = -19*i**2 + z*i**2 + 13*i**2 - 1 + i. Calculate the remainder when 36 is divided by f(4).
17
Suppose -5*z = 4*u - 202 + 53, 2*u - 4*z - 42 = 0. Let w = u - -13. Calculate the remainder when 85 is divided by w.
41
Let t(j) = 2*j + 35. What is the remainder when 1468 is divided by t(-7)?
19
Let z(l) = l**3 - 8*l**2 - 31*l - 6. What is the remainder when 42 is divided by z(11)?
10
Let d be (4/2)/((-1)/(-1)). Suppose 5*v = -d*i - 12, 3*v - 2*v = i - 8. Calculate the remainder when (-1)/(-3) + (-88)/(-6) is divided by i.
3
Let h = 34 - 0. Let z = h + 52. Suppose -m + 71 = 3*n, 0 = -n + m + 12 + 5. What is the remainder when z is divided by n?
20
Suppose -3*y + 8 = 5*z + 24, z = y - 8. Suppose -5*h + 3*f - 8*f = -360, 0 = y*f - 15. Calculate the remainder when h is divided by 17.
16
Suppose -4*t - 8 = 5*k, -3*k = 5*t + k + 10. Let v = t + 4. What is the remainder when 46 is divided by (-3)/v*32/(-3)?
14
Let i = -24 + 34. Let t(b) = b**3 - 4*b**2 - 9*b + 9. Calculate the remainder when t(6) is divided by i.
7
Suppose 2*d + 3*d + 29 = 2*f, 0 = f + 4*d - 8. Let x(b) = -2*b + 1. Let m be x(1). Calculate the remainder when (m + -21)*-2 - -1 is divided by f.
9
Let a be (20/6)/(-5)*-3. Let s(p) = p**3 - 3*p + 1. Let g be s(a). Let o = g + 0. Calculate the remainder when o is divided by 2.
1
Suppose -276 = -2*p - 2*p. What is the remainder when p is divided by (-4)/22 + 1404/99?
13
Suppose -14*o + 4*o = 1050. Let b = o + 110. Calculate the remainder when b is divided by 3.
2
Suppose -2*l + 6 = -f + 13, -l = -3*f + 26. Let o = f - -2. Let j = 13 - o. What is the remainder when j is divided by 1?
0
Suppose -10*r + 995 = -485. What is the remainder when r is divided by 40?
28
Suppose -69*b + 102420 = 21*b. Calculate the remainder when b is divided by 17.
16
Suppose -5*t + 4*p - 5*p + 199 = 0, -3*p = -12. Let y(s) = -s**2 + 32*s + 55. What is the remainder when y(30) is divided by t?
37
Suppose 0 = -o + 33 + 4. Let s = o + -21. What is the remainder when 60/(-16)*(-11 - 1) is divided by s?
13
Let x(y) = -2*y - 17. Let u be x(-7). Let v(t) = -2*t - 1. What is the remainder when 14 is divided by v(u)?
4
Let p be 4 + -2*4 - 14. Let r = p - -31. What is the remainder when 73 is divided by r?
8
Let v(p) = p**3 - 16*p**2 - 17*p - 5. Let k be v(17). Let j(m) = -m**3 - 6*m**2 - 5*m + 6. What is the remainder when 17 is divided by j(k)?
5
Let t(l) = -l**2 + 6*l - 5. Let w be t(2). Suppose -w*s + 22 = -11. Calculate the remainder when 85 is divided by s.
8
Suppose -5*t - 4*p = -7*t + 48, -4*p = 4*t - 144. Calculate the remainder when 47 is divided by t.
15
Let p(a) = -a**3 + a + 3. Let l be p(0). Suppose -o = -2*z - 4 - 5, l*o + 13 = -2*z. Calculate the remainder when 98 is divided by 25 - (-1 - 1/o).
23
Let l(i) = -i**2 + 25*i + 13. Calculate the remainder when 1441 is divided by l(24).
35
Suppose -8*i = -5*i - 21. What is the remainder when 45 is divided by i?
3
Suppose 0 = 14*m - 112 - 42. Let z(y) = 2*y**2 + 8*y + 7. What is the remainder when z(-6) is divided by m?
9
Suppose -3*c + 97 = 2*g - 10, -3*g - 172 = -5*c. Calculate the remainder when 1118 is divided by c.
33
Let d(g) be the first derivative of -5*g**2 - 16*g + 3. Let v(t) = -t**2 - 8*t - 22. Let i be v(-5). What is the remainder when d(i) is divided by 19?
16
Let j = -396 - -411. Suppose 2*t + 126 = 2*i + 34, -i - t + 38 = 0. What is the remainder when i is divided by j?
12
Suppose -5*c = 3*o + 11, -4*c + 2*c + 58 = -4*o. Let b = o + 15. Calculate the remainder when 1/b*(8 - -49) is divided by 5.
4
What is the remainder when 774/99 + -8 + 1201/11 is divided by 52?
5
Suppose 2*u - 6 - 2 = 0, 148 = 4*x - 2*u. Suppose -g = 2*g - x. Calculate the remainder when g is divided by ((8 + -6)*-2)/(3/(-6)).
5
Let z(f) be the third derivative of -f**4/8 - 8*f**3/3 - 2*f**2. Suppose -2*c - 5*k = -3*c, -3*c - k = -16. Calculate the remainder when z(-8) is divided by c.
3
What is the remainder when ((-185)/10)/((-6)/144) is divided by 91?
80
Suppose 17*z - 329 = 1031. Calculate the remainder when 398 is divided by z.
78
Suppose 7*j = 5*j - 112. Let d = 62 + j. What is the remainder when 16 is divided by d?
4
Let j = 2075 + -1989. Calculate the remainder when 269 is divided by j.
11
Let i be -2 + (-8)/(-3) - (-384)/18. What is the remainder when 19 is divided by (i/(-6))/(7/(-21))?
8
Suppose -u + 3*d + 248 = 0, 4*u + 3*d - 8*d - 971 = 0. Let h = u + -171. Calculate the remainder when h is divided by 7.
5
Suppose -5*x + 50 = -o, -5*x = 3*o - 0*o - 30. Suppose 66 = 2*n - x*j + 5*j, 3*n - 59 = -4*j. What is the remainder when 47 is divided by n?
22
Suppose -5*a - 18 = -2*n, 33*n - 28*n - 45 = -3*a. Calculate the remainder when 66 is divided by n.
3
Let b(o) = -o**3 - 15*o**2 + 2*o + 35. Let a be b(-15). Suppose 2*c - 75 = -5*n - 3*c, c - 87 = -a*n. Calculate the remainder when 107 is divided by n.
17
What is the remainder when (-87)/(-609) + (-17610)/(-14) is divided by 35?
33
Let a = 939 - 693. What is the remainder when a is divided by 124?
122
Let k = -26 - -49. Suppose g = 2*l + 249 + 14, 0 = -2*g - 10. Let m = -66 - l. Calculate the remainder when m is divided by k.
22
Suppose -2*p + 2 = o - 2*o, 3*o + 3*p = 12. Suppose o*c = -5*i + 160, -25 = 3*c - 8*c. Calculate the remainder when 118 is divided by i.
28
Suppose -6*h - 11*h + 2618 = 0. Calculate the remainder when h is divided by 49.
7
Let f = -199 - -254. Calculate the remainder when f is divided by 33.
22
Let z = 0 + 8. Let d(v) = v**3 - 8*v**2 + 6*v - 10. Calculate the remainder when d(z) is divided by 21.
17
Let m(a) = -3*a**2 - 16*a - 1. Let s be m(-5). Suppose -2*h = -s*x - 58, h - 4*x + 66 = 3*h. What is the remainder when 91 is divided by h?
29
Let b(s) = -s - 2. Let n be b(-2). Let g = 1 - n. Calculate the remainder when ((-24)/(-4))/(-12)*(-3 + 1) is divided by g.
0
Suppose 3*i = 4*j + 240, -5*i - 37*j + 374 = -35*j. Calculate the remainder when 133 is divided by i.
57
Suppose 256 + 236 = 4*y. Calculate the remainder when y is divided by (30 - -1)*(14/(-2) + 8).
30
Suppose -11*z + 79 = -75. Calculate the remainder when 419 is divided by z.
13
Suppose 4*u = 3*n - u - 201, 2*n - 134 = -u. Let j = n - 7. Suppose 10 = -5*c + j. What is the remainder when 38 is divided by c?
8
Suppose -3*z + 3*g + 222 = -0*g, g = -z + 82. What is the remainder when z is divided by 41?
37
Let j = -29 + 41. Let v = -778 + 823. What is the remainder when v is divided by j?
9
Let r(u) = 8*u. Let o(l) = -l**2 - 9*l. Let h(m) = -2*o(m) - 3*r(m). Suppose j = -2*j + 9, -5*i + 28 = j. What is the remainder when 99 is divided by h(i)?
19
Let o = 28 - 25. Suppose 5 = o*l - 10. What is the remainder when 27 is divided by l?
2
Let y = -648 - -670. What is the remainder when y is divided by 19?
3
Let h(p) = -2*p**2 - 34*p + 9. Let n be (68*(-4)/(-48))/((-1)/3). Calculate the remainder when h(n) is divided by (2/4)/((-3)/(-18)).
0
Suppose 9*l + 304 = -632. Let q = l - -138. What is the remainder when q is divided by 20?
14
Let r(k) = 90*k**3 - 2*k**2 + 3*k - 2. Let c be r(1). Suppose -92 = -4*j - 2*g, -4*g - c = -5*j - 0*j. What is the remainder when j is divided by 8?
5
Let q be (-1*8)/4 + 0. What is the remainder when (-28)/8*(q - 0) is divided by 3?
1
Let c = 713 + -703. Let a(z) = z**3 + 6*z**2 - 4*z + 3. Calculate the remainder when a(-6) is divided by c.
7
Let c(i) = -12*i + 157. Calculate the remainder when 48 is divided by c(11).
23
Let x(p) = -p**3 + 11*p**2 + 13*p - 11. What is the remainder when x(11) is divided by 34*1*(-28)/(-28)?
30
Suppose -145 = -5*w + 70. Calculate the remainder when w is divided by 1670/70 + (-18)/21.
20
Suppose 4*p = 5*n - 136 - 355, -4*n - 2*p = -372. Let b(z) = -z**3 + 11*z**2 + 14*z - 8. Calculate the remainder when n is divided by b(12).
15
Let y(r) = r**2. Let t be y(0). Suppose t*i + i = 21. What is